nder when 24854 is divided by 8284?
2
What is the remainder when 21241 is divided by 590?
1
Calculate the remainder when 14490 is divided by 1112.
34
Calculate the remainder when 55361 is divided by 490.
481
What is the remainder when 37512 is divided by 169?
163
What is the remainder when 126540 is divided by 92?
40
What is the remainder when 74493 is divided by 192?
189
What is the remainder when 1605 is divided by 75?
30
What is the remainder when 9519 is divided by 558?
33
Calculate the remainder when 194830 is divided by 27.
25
What is the remainder when 2044 is divided by 649?
97
Calculate the remainder when 294370 is divided by 666.
664
What is the remainder when 16946 is divided by 16283?
663
Calculate the remainder when 74111 is divided by 193.
192
Calculate the remainder when 603 is divided by 233.
137
What is the remainder when 74306 is divided by 9287?
10
Calculate the remainder when 3178 is divided by 11.
10
What is the remainder when 2788075 is divided by 439?
425
Calculate the remainder when 66457 is divided by 1169.
993
Calculate the remainder when 2340 is divided by 1111.
118
What is the remainder when 22784 is divided by 22772?
12
Calculate the remainder when 26866 is divided by 456.
418
Calculate the remainder when 6414 is divided by 3059.
296
What is the remainder when 22422 is divided by 191?
75
Calculate the remainder when 13413 is divided by 156.
153
Calculate the remainder when 94469 is divided by 4107.
8
Calculate the remainder when 375686 is divided by 507.
506
What is the remainder when 2441 is divided by 279?
209
Calculate the remainder when 1068 is divided by 167.
66
What is the remainder when 5779 is divided by 2661?
457
What is the remainder when 10136 is divided by 461?
455
Calculate the remainder when 7708 is divided by 796.
544
Calculate the remainder when 4920 is divided by 98.
20
Calculate the remainder when 7409 is divided by 1044.
101
What is the remainder when 921 is divided by 149?
27
Calculate the remainder when 428923 is divided by 138.
19
What is the remainder when 180082 is divided by 101?
100
What is the remainder when 5511 is divided by 89?
82
Calculate the remainder when 240099 is divided by 873.
24
What is the remainder when 15323 is divided by 79?
76
What is the remainder when 12773 is divided by 30?
23
Calculate the remainder when 5936 is divided by 395.
11
What is the remainder when 122987 is divided by 16?
11
Calculate the remainder when 254607 is divided by 943.
940
What is the remainder when 943 is divided by 320?
303
Calculate the remainder when 69546 is divided by 650.
646
Calculate the remainder when 2713 is divided by 542.
3
Calculate the remainder when 2743 is divided by 86.
77
What is the remainder when 4154 is divided by 11?
7
What is the remainder when 240355 is divided by 240341?
14
What is the remainder when 666330 is divided by 37?
34
Calculate the remainder when 1342 is divided by 213.
64
What is the remainder when 21149 is divided by 44?
29
What is the remainder when 2788 is divided by 2642?
146
Calculate the remainder when 32966 is divided by 6564.
146
Calculate the remainder when 19635 is divided by 59.
47
Calculate the remainder when 510 is divided by 342.
168
Calculate the remainder when 3865 is divided by 3659.
206
What is the remainder when 438999 is divided by 200?
199
Calculate the remainder when 10762 is divided by 243.
70
What is the remainder when 5003 is divided by 6?
5
What is the remainder when 890 is divided by 28?
22
What is the remainder when 30939 is divided by 638?
315
Calculate the remainder when 4370 is divided by 1448.
26
Calculate the remainder when 281290 is divided by 62.
58
Calculate the remainder when 9354 is divided by 1161.
66
Calculate the remainder when 423931 is divided by 283.
280
What is the remainder when 9423 is divided by 9308?
115
Calculate the remainder when 695 is divided by 30.
5
Calculate the remainder when 21950 is divided by 98.
96
What is the remainder when 239725 is divided by 16?
13
What is the remainder when 2265 is divided by 304?
137
Calculate the remainder when 26943 is divided by 9.
6
Calculate the remainder when 7596 is divided by 131.
129
Calculate the remainder when 954 is divided by 311.
21
What is the remainder when 1361774 is divided by 2584?
6
Calculate the remainder when 8663 is divided by 458.
419
What is the remainder when 432 is divided by 15?
12
Calculate the remainder when 232531 is divided by 122.
121
Calculate the remainder when 419087 is divided by 70.
67
What is the remainder when 62402 is divided by 29?
23
What is the remainder when 12446 is divided by 83?
79
Calculate the remainder when 51259 is divided by 88.
43
What is the remainder when 15257 is divided by 163?
98
What is the remainder when 17216 is divided by 1092?
836
Calculate the remainder when 96080 is divided by 24018.
8
What is the remainder when 60950 is divided by 10122?
218
Calculate the remainder when 13585 is divided by 1233.
22
What is the remainder when 12234 is divided by 72?
66
What is the remainder when 91161 is divided by 5?
1
What is the remainder when 647 is divided by 88?
31
What is the remainder when 2265 is divided by 549?
69
What is the remainder when 35422 is divided by 4?
2
Calculate the remainder when 35920 is divided by 675.
145
Calculate the remainder when 47697 is divided by 17.
12
Calculate the remainder when 5290 is divided by 29.
12
Calculate the remainder when 67930 is divided by 306.
304
What is the remainder when 16168 is divided by 157?
154
What is the remainder when 308795 is divided by 49?
46
What is the remainder when 1728 is divided by 192?
0
Calculate the remainder when 29885 is divided by 299.
284
Calculate the remainder when 217872 is divided by 20.
12
What is the remainder when 3598 is divided by 1041?
475
What is the remainder when 2594 is divided by 125?
94
Calculate the remainder when 9425 is divided by 168.
17
Calculate the remainder when 11771 is divided by 3794.
389
Calculate the remainder when 12938 is divided by 607.
191
Calculate the remainder when 199491 is divided by 6045.
6
What is the remainder when 4002123 is divided by 14?
13
What is the remainder when 396131 is divided by 17?
14
What is the remainder when 306383 is divided by 56?
7
Calculate the remainder when 14300 is divided by 74.
18
Calculate the remainder when 9716 is divided by 2427.
8
Calculate the remainder when 168201 is divided by 49.
33
Calculate the remainder when 100357 is divided by 40.
37
Calculate the remainder when 1698 is divided by 171.
159
Calculate the remainder when 137855 is divided by 19690.
25
What is the remainder when 26099 is divided by 49?
31
Calculate the remainder when 24719 is divided by 12259.
201
Calculate the remainder when 18858 is divided by 496.
10
What is the remainder when 1720 is divided by 852?
16
What is the remainder when 68705 is divided by 18?
17
Calculate the remainder when 94214 is divided by 11772.
38
What is the remainder when 8856 is divided by 228?
192
What is the remainder when 959 is divided by 352?
255
What is the remainder when 21079 is divided by 182?
149
Calculate the remainder when 4375 is divided by 22.
19
What is the remainder when 123267 is divided by 2370?
27
What is the remainder when 42921 is divided by 271?
103
What is the remainder when 2771378 is divided by 818?
812
Calculate the remainder when 17438 is divided by 338.
200
What is the remainder when 12373 is divided by 2974?
477
What is the remainder when 1470 is divided by 364?
14
What is the remainder when 7800 is divided by 15?
0
What is the remainder when 108654 is divided by 29?
20
Calculate the remainder when 148331 is divided by 584.
579
What is the remainder when 17609 is divided by 8716?
177
What is the remainder when 111231 is divided by 197?
123
Calculate the remainder when 2855 is divided by 657.
227
What is the remainder when 1976 is divided by 7?
2
Calculate the remainder when 367081 is divided by 6674.
11
Calculate the remainder when 480 is divided by 69.
66
Calculate the remainder when 2232 is divided by 1112.
8
Calculate the remainder when 80124 is divided by 79.
18
What is the remainder when 170964 is divided by 410?
404
Calculate the remainder when 3429 is divided by 978.
495
What is the remainder when 27